?
11, 191, 233
What are the prime factors of 3904280?
2, 5, 97607
What are the prime factors of 1281401?
11, 116491
What are the prime factors of 157235?
5, 13, 41, 59
List the prime factors of 1814328.
2, 3, 113, 223
List the prime factors of 4742728.
2, 17, 43, 811
What are the prime factors of 13143472?
2, 821467
What are the prime factors of 2277684?
2, 3, 151, 419
What are the prime factors of 4596697?
7, 656671
What are the prime factors of 276766?
2, 7, 53, 373
List the prime factors of 23702183.
53, 447211
List the prime factors of 662744.
2, 37, 2239
What are the prime factors of 2349?
3, 29
What are the prime factors of 22628922?
2, 3, 43, 139, 631
What are the prime factors of 86061?
3, 28687
List the prime factors of 73615.
5, 14723
List the prime factors of 915058.
2, 31, 14759
What are the prime factors of 68392?
2, 83, 103
List the prime factors of 90612.
2, 3, 839
List the prime factors of 1592778.
2, 3, 11, 24133
What are the prime factors of 358453?
31, 373
List the prime factors of 54610.
2, 5, 43, 127
List the prime factors of 1061227.
1061227
List the prime factors of 2062071.
3, 11, 53, 131
List the prime factors of 732980.
2, 5, 67, 547
List the prime factors of 857365.
5, 171473
List the prime factors of 4638846.
2, 3, 223, 3467
List the prime factors of 172643.
172643
What are the prime factors of 895055?
5, 7, 107, 239
What are the prime factors of 11171690?
2, 5, 1117169
What are the prime factors of 265498?
2, 132749
What are the prime factors of 1986512?
2, 11, 11287
What are the prime factors of 135079?
7, 23, 839
What are the prime factors of 33345089?
59, 565171
List the prime factors of 5281287.
3, 11, 14549
List the prime factors of 1169714.
2, 7, 13, 6427
What are the prime factors of 15683848?
2, 1960481
List the prime factors of 873294.
2, 3, 145549
What are the prime factors of 608672?
2, 23, 827
List the prime factors of 17612895.
3, 5, 1174193
List the prime factors of 146914.
2, 17, 29, 149
What are the prime factors of 80021?
80021
List the prime factors of 695307.
3, 53, 4373
List the prime factors of 11843667.
3, 11, 119633
What are the prime factors of 124729?
11, 17, 23, 29
List the prime factors of 706323.
3, 235441
What are the prime factors of 111751?
111751
What are the prime factors of 570820?
2, 5, 28541
What are the prime factors of 406838?
2, 203419
What are the prime factors of 537260?
2, 5, 26863
What are the prime factors of 45555?
3, 5, 3037
What are the prime factors of 415430?
2, 5, 41543
What are the prime factors of 13703585?
5, 7, 55933
List the prime factors of 946559.
43, 22013
List the prime factors of 346339.
7, 49477
List the prime factors of 7738021.
1009, 7669
What are the prime factors of 2904474?
2, 3, 484079
List the prime factors of 789060.
2, 3, 5, 13151
What are the prime factors of 18957871?
103, 184057
List the prime factors of 221660.
2, 5, 11083
What are the prime factors of 1323189?
3, 7, 7001
List the prime factors of 2457845.
5, 13, 37813
What are the prime factors of 2098373?
67, 31319
List the prime factors of 62393.
43, 1451
List the prime factors of 25535581.
17, 1502093
What are the prime factors of 813991?
813991
List the prime factors of 3326968.
2, 17, 1439
What are the prime factors of 530037?
3, 67, 293
List the prime factors of 9452448.
2, 3, 23, 1427
What are the prime factors of 346933?
346933
List the prime factors of 32698904.
2, 7, 583909
List the prime factors of 187756.
2, 73, 643
What are the prime factors of 392189?
7, 179, 313
List the prime factors of 8813184.
2, 3, 59, 389
List the prime factors of 16281309.
3, 11, 19, 23, 1129
What are the prime factors of 117926?
2, 58963
List the prime factors of 3444109.
157, 21937
What are the prime factors of 104280?
2, 3, 5, 11, 79
What are the prime factors of 52984?
2, 37, 179
What are the prime factors of 4754660?
2, 5, 237733
List the prime factors of 312207.
3, 7, 14867
List the prime factors of 19030307.
19030307
What are the prime factors of 1862254?
2, 931127
List the prime factors of 4449765.
3, 5, 296651
List the prime factors of 4986374.
2, 2493187
What are the prime factors of 791469?
3, 7, 17, 739
List the prime factors of 8463189.
3, 7, 19, 21211
List the prime factors of 734562.
2, 3, 61, 223
List the prime factors of 125571.
3, 19, 2203
List the prime factors of 245390.
2, 5, 53, 463
What are the prime factors of 34340553?
3, 13, 29, 349
List the prime factors of 18131166.
2, 3, 977, 1031
List the prime factors of 5482225.
5, 7, 31327
What are the prime factors of 4771790?
2, 5, 577, 827
What are the prime factors of 18041485?
5, 7, 11, 46861
What are the prime factors of 73436?
2, 11, 1669
What are the prime factors of 2097747?
3, 233083
What are the prime factors of 444253?
444253
List the prime factors of 170914.
2, 97, 881
List the prime factors of 775002.
2, 3, 37, 3491
List the prime factors of 5131498.
2, 1117, 2297
What are the prime factors of 1285443?
3, 47609
What are the prime factors of 8310083?
337, 24659
List the prime factors of 1370518.
2, 103, 6653
What are the prime factors of 2973289?
11, 270299
List the prime factors of 173702.
2, 86851
What are the prime factors of 560767?
560767
List the prime factors of 465259.
465259
List the prime factors of 114517.
13, 23, 383
List the prime factors of 511758.
2, 3, 13
List the prime factors of 30707904.
2, 3, 159937
What are the prime factors of 19362252?
2, 3, 7, 13, 17, 149
List the prime factors of 16224638.
2, 8112319
List the prime factors of 142296.
2, 3, 7, 11
List the prime factors of 2644432.
2, 7, 3373
What are the prime factors of 5096216?
2, 281, 2267
What are the prime factors of 12846050?
2, 5, 7, 17, 127
List the prime factors of 280308.
2, 3, 7, 47, 71
What are the prime factors of 4242672?
2, 3, 7, 23, 61
List the prime factors of 3773585.
5, 754717
What are the prime factors of 448146?
2, 3, 43, 193
What are the prime factors of 558039?
3, 186013
What are the prime factors of 440967?
3, 146989
List the prime factors of 8414905.
5, 223, 7547
What are the prime factors of 454309?
19, 23911
What are the prime factors of 218881?
13, 113, 149
What are the prime factors of 207554?
2, 157, 661
What are the prime factors of 1613016?
2, 3, 43, 521
List the prime factors of 203358.
2, 3, 33893
List the prime factors of 1822961.
7, 17, 15319
What are the prime factors of 47313?
3, 7, 751
List the prime factors of 3036.
2, 3, 11, 23
What are the prime factors of 170448?
2, 3, 53, 67
What are the prime factors of 845488?
2, 7, 7549
List the prime factors of 8596849.
17, 157, 3221
What are the prime factors of 8501128?
2, 109, 9749
What are the prime factors of 242369?
17, 53, 269
List the prime factors of 14525122.
2, 109, 66629
List the prime factors of 692853.
3, 7, 32993
What are the prime factors of 2637?
3, 293
What are the prime factors of 5909441?
431, 13711
What are the prime factors of 352604?
2, 7, 257
List the prime factors of 4530141.
3, 7, 11, 2179
What are the prime factors of 211047?
3, 103, 683
List the prime factors of 11130551.
23, 483937
What are the prime factors of 10273152?
2, 3, 31, 863
List the prime factors of 10755046.
2, 2203, 2441
What are the prime factors of 570723?
3, 103, 1847
List the prime factors of 3653965.
5, 7, 104399
List the prime factors of 5034962.
2, 19, 132499
List the prime factors of 715421.
7, 102203
What are the prime factors of 3443650?
2, 5, 7, 9839
List the prime factors of 14892766.
2, 7, 151967
List the prime factors of 14573209.
7, 19, 73, 79
What are the prime factors of 2571682?
2, 1285841
What are the prime factors of 186184?
2, 17, 37
What are the prime factors of 176694?
2, 3, 7, 601
List the prime factors of 3048987.
3, 19, 149, 359
List the prime factors of 155639.
11, 14149
List the prime factors of 524194.
2, 11, 23827
What are the prime factors of 953563?
13, 73351
List the prime factors of 1193782.
2, 313, 1907
List the prime factors of 354074.
2, 7, 3613
List the prime factors of 7096511.
641, 11071
What are the prime factors of 387447?
3, 17, 71, 107
List the prime factors of 1656415.
5, 331283
List the prime factors of 11544954.
2, 3, 257, 7487
What are the prime factors of 103856?
2, 6491
List the prime factors of 45710.
2, 5, 7, 653
List the pr